{"id":10441,"date":"2024-03-06T12:50:06","date_gmt":"2024-03-06T11:50:06","guid":{"rendered":"https:\/\/www.espenschiedwein.de\/shop\/?post_type=product&#038;p=10441"},"modified":"2026-02-03T11:18:24","modified_gmt":"2026-02-03T10:18:24","slug":"wuerzer-lieblich","status":"publish","type":"product","link":"https:\/\/www.espenschiedwein.de\/shop\/produkt\/wuerzer-lieblich\/","title":{"rendered":"W\u00fcrzer Lieblich"},"content":{"rendered":"<p data-start=\"117\" data-end=\"365\">Dieser lieblich ausgebauter W\u00fcrzer besticht durch seine aromatische Intensit\u00e4t und milde S\u00fc\u00dfe. Im Glas zeigt er ein helles Gelb mit gr\u00fcnen Reflexen. In der Nase entfalten sich feine Aromen von Muskat, Holunderbl\u00fcte, reifer Birne und gelbem Apfel.<\/p>\n<p data-start=\"367\" data-end=\"601\">Am Gaumen pr\u00e4sentiert sich der Wein weich, fruchtig und harmonisch. Die angenehme Rests\u00fc\u00dfe unterstreicht die aromatische F\u00fclle, w\u00e4hrend eine leichte S\u00e4ure f\u00fcr Frische und Trinkfluss sorgt. Der Abgang ist mild, saftig und animierend.<\/p>\n<p data-start=\"603\" data-end=\"735\">Ein fruchtiger, unkomplizierter Wein \u2013 ideal als Begleiter zu Desserts, leichten Vorspeisen oder einfach zum entspannten Genie\u00dfen.<\/p>\n<table border=\"0\" width=\"60%\" cellspacing=\"0\" cellpadding=\"0\" align=\"left\">\n<tbody>\n<tr>\n<td width=\"53%\">Artikelnummer:<\/td>\n<td width=\"47%\"><strong>16<\/strong><\/td>\n<\/tr>\n<tr>\n<td>Inhalt<\/td>\n<td><strong>0,75 Ltr.<\/strong><\/td>\n<\/tr>\n<tr>\n<td>Preis\/Ltr.<\/td>\n<td><strong>8,27 EUR pro Ltr.<\/strong><\/td>\n<\/tr>\n<tr>\n<td>Weinart:<\/td>\n<td><strong>Wei\u00dfwein<\/strong><\/td>\n<\/tr>\n<tr>\n<td>Qualit\u00e4tsstufe<\/td>\n<td><strong>Qualit\u00e4tswein<\/strong><\/td>\n<\/tr>\n<tr>\n<td>Rebsorte<\/td>\n<td><strong>W\u00fcrzer<\/strong><\/td>\n<\/tr>\n<tr>\n<td>Restzuckergehalt<\/td>\n<td><strong>25 g\/Ltr.<\/strong><\/td>\n<\/tr>\n<tr>\n<td>Alkoholgehalt<\/td>\n<td><strong>10,5 Vol. %<\/strong><\/td>\n<\/tr>\n<tr>\n<td>enth\u00e4lt Allergene:<\/td>\n<td><strong>Sulfite<\/strong><\/td>\n<\/tr>\n<\/tbody>\n<\/table>\n<table class=\"bg-white mx-auto w-full border border-neutral-200\">\n<thead class=\"bg-neutral-100\">\n<tr>\n<th class=\"border border-neutral-200 px-2 h-10 text-xs font-normal text-left\">N\u00e4hrwertangaben je 100ml<\/th>\n<\/tr>\n<\/thead>\n<tbody>\n<tr>\n<td class=\"border border-neutral-200 p-2 text-xs font-normal text-neutral\">\n<div class=\"flex justify-between\">Brennwert366 kJ \/ 88 kcal<\/div>\n<\/td>\n<\/tr>\n<tr>\n<td class=\"border border-neutral-200 p-2 text-xs font-normal text-neutral\">\n<div class=\"flex justify-between\">Kohlenhydrate4,5 g<\/div>\n<\/td>\n<\/tr>\n<tr>\n<td class=\"border border-neutral-200 p-2 text-xs font-normal text-neutral\">\n<div class=\"flex justify-between\">davon Zucker 1,5 g\/100ml<\/div>\n<\/td>\n<\/tr>\n<tr>\n<td class=\"border border-neutral-200 px-2 py-1 text-xs font-normal text-neutral\">Enth\u00e4lt geringf\u00fcgige Mengen von: Fett, ges\u00e4ttigten Fetts\u00e4uren, Eiwei\u00df und Salz<\/td>\n<\/tr>\n<\/tbody>\n<\/table>\n","protected":false},"excerpt":{"rendered":"<p>Dieser lieblich ausgebauter W\u00fcrzer besticht durch seine aromatische Intensit\u00e4t und milde S\u00fc\u00dfe. Im Glas zeigt er ein helles Gelb mit gr\u00fcnen Reflexen. In der Nase entfalten sich feine Aromen von Muskat, Holunderbl\u00fcte, reifer Birne und gelbem Apfel. Am Gaumen pr\u00e4sentiert sich der Wein weich, fruchtig und harmonisch. Die angenehme Rests\u00fc\u00dfe unterstreicht die aromatische F\u00fclle, w\u00e4hrend [&hellip;]<\/p>\n","protected":false},"featured_media":11251,"template":"","meta":{"_acf_changed":false},"product_brand":[],"product_cat":[287],"product_tag":[],"class_list":{"0":"post-10441","1":"product","2":"type-product","3":"status-publish","4":"has-post-thumbnail","6":"product_cat-weisswein-lieblich","8":"first","9":"instock","10":"taxable","11":"shipping-taxable","12":"purchasable","13":"product-type-simple"},"acf":[],"_links":{"self":[{"href":"https:\/\/www.espenschiedwein.de\/shop\/wp-json\/wp\/v2\/product\/10441","targetHints":{"allow":["GET"]}}],"collection":[{"href":"https:\/\/www.espenschiedwein.de\/shop\/wp-json\/wp\/v2\/product"}],"about":[{"href":"https:\/\/www.espenschiedwein.de\/shop\/wp-json\/wp\/v2\/types\/product"}],"wp:featuredmedia":[{"embeddable":true,"href":"https:\/\/www.espenschiedwein.de\/shop\/wp-json\/wp\/v2\/media\/11251"}],"wp:attachment":[{"href":"https:\/\/www.espenschiedwein.de\/shop\/wp-json\/wp\/v2\/media?parent=10441"}],"wp:term":[{"taxonomy":"product_brand","embeddable":true,"href":"https:\/\/www.espenschiedwein.de\/shop\/wp-json\/wp\/v2\/product_brand?post=10441"},{"taxonomy":"product_cat","embeddable":true,"href":"https:\/\/www.espenschiedwein.de\/shop\/wp-json\/wp\/v2\/product_cat?post=10441"},{"taxonomy":"product_tag","embeddable":true,"href":"https:\/\/www.espenschiedwein.de\/shop\/wp-json\/wp\/v2\/product_tag?post=10441"}],"curies":[{"name":"wp","href":"https:\/\/api.w.org\/{rel}","templated":true}]}}