{"id":10417,"date":"2023-08-18T10:48:10","date_gmt":"2023-08-18T08:48:10","guid":{"rendered":"https:\/\/www.espenschiedwein.de\/shop\/?post_type=product&#038;p=10417"},"modified":"2026-02-03T12:17:09","modified_gmt":"2026-02-03T11:17:09","slug":"pinot-brut","status":"publish","type":"product","link":"https:\/\/www.espenschiedwein.de\/shop\/produkt\/pinot-brut\/","title":{"rendered":"Pinot brut"},"content":{"rendered":"<p>Dieser Pinot Brut begeistert mit Eleganz, Frische und feiner Perlage. Im Glas zeigt er sich in hellem Goldgelb mit lebendigem Mousseux. In der Nase entfalten sich Aromen von reifer Birne, Apfel und gelbem Steinobst, begleitet von feinen nussigen Noten und einem Hauch Brioche.<\/p>\n<p>Am Gaumen pr\u00e4sentiert sich der Sekt Brut, frisch und harmonisch. Die feine S\u00e4ure sorgt f\u00fcr Lebendigkeit, w\u00e4hrend der Grauburgunder dem Sekt Schmelz, Struktur und eine angenehme F\u00fclle verleiht. Die Perlage ist fein und anhaltend, der Abgang elegant und trocken.<\/p>\n<p>Ein stilvoller Sekt mit Charakter \u2013 ideal als Aperitif, zu feinen Vorspeisen, Fisch oder zum besonderen Anlass.<\/p>\n<table border=\"0\" width=\"60%\" cellspacing=\"0\" cellpadding=\"0\" align=\"left\">\n<tbody>\n<tr>\n<td width=\"53%\">Artikelnummer:<\/td>\n<td width=\"47%\"><strong>40<\/strong><\/td>\n<\/tr>\n<tr>\n<td>Inhalt<\/td>\n<td><strong>0,75 Ltr.<\/strong><\/td>\n<\/tr>\n<tr>\n<td>Preis\/Ltr.<\/td>\n<td><strong>13,20 EUR pro Ltr.<\/strong><\/td>\n<\/tr>\n<tr>\n<td>Weinart:<\/td>\n<td><strong>Wei\u00df<\/strong><\/td>\n<\/tr>\n<tr>\n<td>Qualit\u00e4tsstufe<\/td>\n<td><\/td>\n<\/tr>\n<tr>\n<td>Rebsorte<\/td>\n<td><strong>Grauburgunder<\/strong><\/td>\n<\/tr>\n<tr>\n<td>Restzuckergehalt<\/td>\n<td><strong>9 g\/l<\/strong><\/td>\n<\/tr>\n<tr>\n<td>Alkoholgehalt<\/td>\n<td><strong>12%<\/strong><\/td>\n<\/tr>\n<tr>\n<td>enth\u00e4lt Allergene:<\/td>\n<td><strong>Sulfite<\/strong><\/td>\n<\/tr>\n<\/tbody>\n<\/table>\n","protected":false},"excerpt":{"rendered":"<p>Dieser Pinot Brut begeistert mit Eleganz, Frische und feiner Perlage. Im Glas zeigt er sich in hellem Goldgelb mit lebendigem Mousseux. In der Nase entfalten sich Aromen von reifer Birne, Apfel und gelbem Steinobst, begleitet von feinen nussigen Noten und einem Hauch Brioche. Am Gaumen pr\u00e4sentiert sich der Sekt Brut, frisch und harmonisch. Die feine [&hellip;]<\/p>\n","protected":false},"featured_media":10273,"template":"","meta":{"_acf_changed":false},"product_brand":[],"product_cat":[288],"product_tag":[],"class_list":{"0":"post-10417","1":"product","2":"type-product","3":"status-publish","4":"has-post-thumbnail","6":"product_cat-prickelndes","8":"first","9":"instock","10":"taxable","11":"shipping-taxable","12":"purchasable","13":"product-type-simple"},"acf":[],"_links":{"self":[{"href":"https:\/\/www.espenschiedwein.de\/shop\/wp-json\/wp\/v2\/product\/10417","targetHints":{"allow":["GET"]}}],"collection":[{"href":"https:\/\/www.espenschiedwein.de\/shop\/wp-json\/wp\/v2\/product"}],"about":[{"href":"https:\/\/www.espenschiedwein.de\/shop\/wp-json\/wp\/v2\/types\/product"}],"wp:featuredmedia":[{"embeddable":true,"href":"https:\/\/www.espenschiedwein.de\/shop\/wp-json\/wp\/v2\/media\/10273"}],"wp:attachment":[{"href":"https:\/\/www.espenschiedwein.de\/shop\/wp-json\/wp\/v2\/media?parent=10417"}],"wp:term":[{"taxonomy":"product_brand","embeddable":true,"href":"https:\/\/www.espenschiedwein.de\/shop\/wp-json\/wp\/v2\/product_brand?post=10417"},{"taxonomy":"product_cat","embeddable":true,"href":"https:\/\/www.espenschiedwein.de\/shop\/wp-json\/wp\/v2\/product_cat?post=10417"},{"taxonomy":"product_tag","embeddable":true,"href":"https:\/\/www.espenschiedwein.de\/shop\/wp-json\/wp\/v2\/product_tag?post=10417"}],"curies":[{"name":"wp","href":"https:\/\/api.w.org\/{rel}","templated":true}]}}