{"id":10416,"date":"2023-08-18T10:48:08","date_gmt":"2023-08-18T08:48:08","guid":{"rendered":"https:\/\/www.espenschiedwein.de\/shop\/?post_type=product&#038;p=10416"},"modified":"2026-02-03T12:15:12","modified_gmt":"2026-02-03T11:15:12","slug":"rose-brut","status":"publish","type":"product","link":"https:\/\/www.espenschiedwein.de\/shop\/produkt\/rose-brut\/","title":{"rendered":"Ros\u00e9 brut"},"content":{"rendered":"<p>Dieser Ros\u00e9 Brut beeindruckt mit seiner zarten Farbe und lebendigen Perlage. Im Glas zeigt er ein helles Lachsrosa mit feinen, anhaltenden Bl\u00e4schen. In der Nase entfalten sich Aromen von roten Beeren wie Erdbeere, Himbeere und Kirsche, erg\u00e4nzt durch florale Nuancen und eine feine Brioche-Note.<\/p>\n<p>Am Gaumen pr\u00e4sentiert sich der Sekt frisch, elegant und trocken. Die lebendige S\u00e4ure sorgt f\u00fcr Spannung, w\u00e4hrend die fruchtigen Noten harmonisch eingebunden sind. Der Abgang ist lang, feinperlig und charmant.<\/p>\n<p>Ein stilvoller, vielseitiger Ros\u00e9-Sekt \u2013 ideal als Aperitif, zu leichten Desserts, fruchtigen Vorspeisen oder zu besonderen Anl\u00e4ssen.<\/p>\n<table border=\"0\" width=\"60%\" cellspacing=\"0\" cellpadding=\"0\" align=\"left\">\n<tbody>\n<tr>\n<td width=\"53%\">Artikelnummer:<\/td>\n<td width=\"47%\"><strong>39<\/strong><\/td>\n<\/tr>\n<tr>\n<td>Inhalt<\/td>\n<td><strong>0,75 Ltr.<\/strong><\/td>\n<\/tr>\n<tr>\n<td>Preis\/Ltr.<\/td>\n<td><strong>13,20 EUR pro Ltr.<\/strong><\/td>\n<\/tr>\n<tr>\n<td>Weinart:<\/td>\n<td><strong>Ros\u00e9<\/strong><\/td>\n<\/tr>\n<tr>\n<td>Qualit\u00e4tsstufe<\/td>\n<td><\/td>\n<\/tr>\n<tr>\n<td>Rebsorte<\/td>\n<td><strong>Sp\u00e4tburgunder<\/strong><\/td>\n<\/tr>\n<tr>\n<td>Restzuckergehalt<\/td>\n<td><strong>7g\/l<\/strong><\/td>\n<\/tr>\n<tr>\n<td>Alkoholgehalt<\/td>\n<td><strong>12%<\/strong><\/td>\n<\/tr>\n<tr>\n<td>enth\u00e4lt Allergene:<\/td>\n<td><strong>Sulfite<\/strong><\/td>\n<\/tr>\n<\/tbody>\n<\/table>\n","protected":false},"excerpt":{"rendered":"<p>Dieser Ros\u00e9 Brut beeindruckt mit seiner zarten Farbe und lebendigen Perlage. Im Glas zeigt er ein helles Lachsrosa mit feinen, anhaltenden Bl\u00e4schen. In der Nase entfalten sich Aromen von roten Beeren wie Erdbeere, Himbeere und Kirsche, erg\u00e4nzt durch florale Nuancen und eine feine Brioche-Note. Am Gaumen pr\u00e4sentiert sich der Sekt frisch, elegant und trocken. Die [&hellip;]<\/p>\n","protected":false},"featured_media":10185,"template":"","meta":{"_acf_changed":false},"product_brand":[],"product_cat":[288],"product_tag":[],"class_list":{"0":"post-10416","1":"product","2":"type-product","3":"status-publish","4":"has-post-thumbnail","6":"product_cat-prickelndes","8":"first","9":"instock","10":"taxable","11":"shipping-taxable","12":"purchasable","13":"product-type-simple"},"acf":[],"_links":{"self":[{"href":"https:\/\/www.espenschiedwein.de\/shop\/wp-json\/wp\/v2\/product\/10416","targetHints":{"allow":["GET"]}}],"collection":[{"href":"https:\/\/www.espenschiedwein.de\/shop\/wp-json\/wp\/v2\/product"}],"about":[{"href":"https:\/\/www.espenschiedwein.de\/shop\/wp-json\/wp\/v2\/types\/product"}],"wp:featuredmedia":[{"embeddable":true,"href":"https:\/\/www.espenschiedwein.de\/shop\/wp-json\/wp\/v2\/media\/10185"}],"wp:attachment":[{"href":"https:\/\/www.espenschiedwein.de\/shop\/wp-json\/wp\/v2\/media?parent=10416"}],"wp:term":[{"taxonomy":"product_brand","embeddable":true,"href":"https:\/\/www.espenschiedwein.de\/shop\/wp-json\/wp\/v2\/product_brand?post=10416"},{"taxonomy":"product_cat","embeddable":true,"href":"https:\/\/www.espenschiedwein.de\/shop\/wp-json\/wp\/v2\/product_cat?post=10416"},{"taxonomy":"product_tag","embeddable":true,"href":"https:\/\/www.espenschiedwein.de\/shop\/wp-json\/wp\/v2\/product_tag?post=10416"}],"curies":[{"name":"wp","href":"https:\/\/api.w.org\/{rel}","templated":true}]}}