{"id":10413,"date":"2023-08-18T10:47:54","date_gmt":"2023-08-18T08:47:54","guid":{"rendered":"https:\/\/www.espenschiedwein.de\/shop\/?post_type=product&#038;p=10413"},"modified":"2026-02-03T21:12:29","modified_gmt":"2026-02-03T20:12:29","slug":"dornfelder-barrique-trocken","status":"publish","type":"product","link":"https:\/\/www.espenschiedwein.de\/shop\/produkt\/dornfelder-barrique-trocken\/","title":{"rendered":"Dornfelder Barrique trocken"},"content":{"rendered":"<p><!-- IBGHTML --><span style=\"line-height: 107%;font-family: 'Calibri',sans-serif;font-size: 11pt\">Dieser Dornfelder lag 12 Monate in kleinen Eichenholzf\u00e4ssern, um zu einem gro\u00dfartigen vielschichtigen Wein heranzuwachsen. Der Dornfelder Barrique \u00fcberzeugt mit einer tiefdunklen Farbe und einem intensiven Bouquet von verschiedenen Beerenfr\u00fcchten wie Kirsche oder Schwarze Johannisbeere, ebenso Noten von Vanille, Kakao und rauchigen Aromen. Am Gaumen entfaltet er eine angenehme F\u00fclle, samtige Tannine und einen langanhaltenden Abgang. Dieser Rotwein eignet sich besonders gut zu deftigen Fleischgerichten, wie Steak oder Wild, sowie zu kr\u00e4ftigen K\u00e4sesorten. Er kann durchaus auch noch einige Jahre gelagert werden, um seine Aromen weiterzuentwickeln.<\/span><\/p>\n<p>&nbsp;<\/p>\n<table border=\"0\" width=\"60%\" cellspacing=\"0\" cellpadding=\"0\" align=\"left\">\n<tbody>\n<tr>\n<td width=\"53%\">Artikelnummer:<\/td>\n<td width=\"47%\"><strong>33<\/strong><\/td>\n<\/tr>\n<tr>\n<td>Inhalt<\/td>\n<td><strong>0,75 Ltr.<\/strong><\/td>\n<\/tr>\n<tr>\n<td>Preis\/Ltr.<\/td>\n<td><strong>10,53 EUR pro Ltr.<\/strong><\/td>\n<\/tr>\n<tr>\n<td>Weinart:<\/td>\n<td><strong>Rotwein<\/strong><\/td>\n<\/tr>\n<tr>\n<td>Qualit\u00e4tsstufe<\/td>\n<td><strong>Qualit\u00e4tswein<\/strong><\/td>\n<\/tr>\n<tr>\n<td>Rebsorte<\/td>\n<td><strong>Dornfelder<\/strong><\/td>\n<\/tr>\n<tr>\n<td>Restzuckergehalt<\/td>\n<td><strong>0,9 g\/Ltr.<\/strong><\/td>\n<\/tr>\n<tr>\n<td>Alkoholgehalt<\/td>\n<td><strong>13,0 Vol. %<\/strong><\/td>\n<\/tr>\n<tr>\n<td>enth\u00e4lt Allergene:<\/td>\n<td><strong>Sulfite<\/strong><\/td>\n<\/tr>\n<\/tbody>\n<\/table>\n","protected":false},"excerpt":{"rendered":"<p>Dieser Dornfelder lag 12 Monate in kleinen Eichenholzf\u00e4ssern, um zu einem gro\u00dfartigen vielschichtigen Wein heranzuwachsen. Der Dornfelder Barrique \u00fcberzeugt mit einer tiefdunklen Farbe und einem intensiven Bouquet von verschiedenen Beerenfr\u00fcchten wie Kirsche oder Schwarze Johannisbeere, ebenso Noten von Vanille, Kakao und rauchigen Aromen. Am Gaumen entfaltet er eine angenehme F\u00fclle, samtige Tannine und einen langanhaltenden [&hellip;]<\/p>\n","protected":false},"featured_media":10268,"template":"","meta":{"_acf_changed":false},"product_brand":[],"product_cat":[283],"product_tag":[],"class_list":{"0":"post-10413","1":"product","2":"type-product","3":"status-publish","4":"has-post-thumbnail","6":"product_cat-rotwein","8":"first","9":"outofstock","10":"taxable","11":"shipping-taxable","12":"purchasable","13":"product-type-simple"},"acf":[],"_links":{"self":[{"href":"https:\/\/www.espenschiedwein.de\/shop\/wp-json\/wp\/v2\/product\/10413","targetHints":{"allow":["GET"]}}],"collection":[{"href":"https:\/\/www.espenschiedwein.de\/shop\/wp-json\/wp\/v2\/product"}],"about":[{"href":"https:\/\/www.espenschiedwein.de\/shop\/wp-json\/wp\/v2\/types\/product"}],"wp:featuredmedia":[{"embeddable":true,"href":"https:\/\/www.espenschiedwein.de\/shop\/wp-json\/wp\/v2\/media\/10268"}],"wp:attachment":[{"href":"https:\/\/www.espenschiedwein.de\/shop\/wp-json\/wp\/v2\/media?parent=10413"}],"wp:term":[{"taxonomy":"product_brand","embeddable":true,"href":"https:\/\/www.espenschiedwein.de\/shop\/wp-json\/wp\/v2\/product_brand?post=10413"},{"taxonomy":"product_cat","embeddable":true,"href":"https:\/\/www.espenschiedwein.de\/shop\/wp-json\/wp\/v2\/product_cat?post=10413"},{"taxonomy":"product_tag","embeddable":true,"href":"https:\/\/www.espenschiedwein.de\/shop\/wp-json\/wp\/v2\/product_tag?post=10413"}],"curies":[{"name":"wp","href":"https:\/\/api.w.org\/{rel}","templated":true}]}}